r when n(-11) is divided by 35.
32
Let j(x) = 1173*x - 496. Calculate the remainder when j(1) is divided by 7.
5
Suppose -106*m + 2348 = -22*m - 307192. Calculate the remainder when m is divided by 20.
5
Suppose 0 = l - 4*h + 7, 24*l = 29*l + 2*h - 53. What is the remainder when 2175 is divided by l?
6
Let l = 5213 - 5177. Calculate the remainder when 142 is divided by l.
34
Let a(q) = -47*q + 76. Suppose -23 = -w - 5*j, 3*j + 11 + 4 = 3*w. What is the remainder when a(-5) is divided by w?
7
Let t be 6/51 - (-506)/34. Suppose -3*o - 2*u = -41, 0*u - 3*u = t. What is the remainder when o is divided by 9?
8
Let q = -848 + 749. Calculate the remainder when 77 is divided by (-9)/6*(-11)/(q/(-78)).
12
Let w = 8206 - 7966. Calculate the remainder when 1172 is divided by w.
212
Let c(u) = -u**3 + 55*u**2 + 311*u - 134. What is the remainder when c(60) is divided by 23?
20
Let b = 18 + -14. Suppose -b*h - 3*f + 931 = 0, h - 677 = -2*h + 2*f. Suppose -7*r + 37 + h = 0. Calculate the remainder when r is divided by 13.
12
What is the remainder when (-7508)/(-10) - (-1974)/1645 is divided by 42?
38
Let j = 728 - 670. Suppose -2*s = -10 + 2. Calculate the remainder when j is divided by (7 - -1)*(s - 2).
10
Let u(j) = 5*j + j - 29*j**2 - 6*j + 2*j. Let i be u(1). Let p = i - -46. Calculate the remainder when p is divided by 8.
3
Let l = -15079 + 15355. Let u = 26 + -17. Calculate the remainder when l is divided by u.
6
Let l(v) = 3*v**3 + 4*v**2 + 2. Let d be l(-4). Let n = d + 140. Calculate the remainder when 51 is divided by n.
9
Suppose 0 = -5*m + 51 + 4. Let x = m + 17. Let p = 85 - 31. What is the remainder when p is divided by x?
26
Let l = -383 + 399. Suppose l = -f + 57. Calculate the remainder when f is divided by 11.
8
Calculate the remainder when 18/135 - (-29864)/120 is divided by 12.
9
Let x(v) = 470*v**2. Let m be x(1). Let z = m + -268. Calculate the remainder when z is divided by 41.
38
Suppose -47603 = -280*i + 17*i. Suppose 0 = -2*d + 19 + 9. What is the remainder when i is divided by d?
13
Let o(j) = -2*j**3 - 153*j**2 + 70*j - 481. Calculate the remainder when 279 is divided by o(-77).
47
Suppose -3*l - 19 = 2*y + 5, -l = -3*y - 14. Calculate the remainder when (-27)/y*308/99 is divided by 3.
2
Suppose -2*b - 4 + 46 = 0. Let m be ((-9)/12)/((-41)/(-4) - 10). What is the remainder when b + 0 + m - 3 is divided by 4?
3
Let c(i) = 61*i + 108. Calculate the remainder when 142 is divided by c(-1).
1
Suppose 4*p - 5*q + 23 = 0, -9*q + 2 = 5*p - 5*q. Calculate the remainder when 67 is divided by (-32 - 6 - -4)/p.
16
Let n(z) = 23*z - 32. Let h = -10312 + 10345. Calculate the remainder when n(12) is divided by h.
13
Let r be 2/2*0/9. Suppose -7*t - 2*t + 1440 = r. Suppose 2 = o - 4*c - 21, -5*c = -5*o + t. What is the remainder when o is divided by 13?
9
Calculate the remainder when (2 + -3)/(3/(-261)) is divided by (-33)/9 - 2055/(-45).
3
Let j(d) = -17*d + 9301. What is the remainder when j(102) is divided by 22?
21
Let r be (-4)/(-16) + 1*(-452)/16. Suppose 6 = 4*h + 2*d, -2*d + 15 = -2*h + 3*d. What is the remainder when 7 is divided by (-7)/(r/16) + h/3?
3
Suppose 16710*q - 83 = 16707*q - 26. What is the remainder when 1668 is divided by q?
15
Let u(s) = 5*s + 6. Let o = 102 - 100. Let f = 86 - 9. Calculate the remainder when f is divided by u(o).
13
Suppose k + 2*o = 13, o - 2*o + 14 = 2*k. Let l be ((-35)/k)/(-1 + 0). Suppose -14 = l*j - 8*j. Calculate the remainder when j is divided by 4.
2
Suppose g + 3*g = -z + 53, 29 = z - 2*g. Let c = z - 27. Suppose -5*v + 2 + 88 = 0. What is the remainder when v is divided by c?
8
Suppose 0 = 5*f - 4*m + 5*m + 25, 2*f - 17 = 5*m. What is the remainder when 22 is divided by 8 - f - (-3 + 3)?
10
Suppose -5*v = -8*v - s + 186, 4*s - 195 = -3*v. Calculate the remainder when 790 is divided by v.
58
Suppose -11 = -5*o + 44. Let l be 114/22 - (2/o + 0). Suppose -l*s + 7 = -38. Calculate the remainder when 24 is divided by s.
6
Suppose -5*d - a + 50 = -5*a, 0 = -d - 5*a - 19. Suppose 92 = d*p - 130. Let h(z) = 4*z**2 - 14*z + 26. What is the remainder when p is divided by h(2)?
9
Suppose 16384 + 25741 = 423*r - 14134. What is the remainder when r is divided by 35?
28
Suppose -28 = -7*z + 112. What is the remainder when 1 + (-3 - 1) + 196/2 is divided by z?
15
Suppose -1004 = -2*t - 2*k, 12*t - 13*t - 3*k + 488 = 0. Calculate the remainder when t is divided by 9.
5
Suppose 2*a - 3*c = 401, -a + 46 = 4*c - 138. Let m = a - 123. What is the remainder when m is divided by 21?
10
Calculate the remainder when 470 is divided by ((-598)/52*-20 - (1 - 0)) + 2.
8
Suppose -4*q = -0*q - 736. Suppose -2*k + 128 = 5*l - 104, 4*l + 2*k = q. What is the remainder when (-12 - -6) + (145 - -3) is divided by l?
46
Let b(z) = 19*z**2 - 706*z + 55. Calculate the remainder when b(38) is divided by 62.
43
Let n(v) = 36*v - 5. Calculate the remainder when 2167 is divided by n(3).
4
Let a(g) = -g**3 - 11*g**2 - 4*g + 8. Let t be a(-11). Suppose -4*p + t = -2*p. What is the remainder when p is divided by 16 + (-88)/11 + -1?
5
Suppose 5*l + 13*j - 15*j - 1342 = 0, -j = 1. What is the remainder when 1854 is divided by l?
246
Suppose 3*d + 3*m = 33, 76*d - 2*m = 73*d + 48. What is the remainder when 170 is divided by d?
2
Let i = 177 + -47. Let p(f) = 14*f - 1. Let g be p(-8). Let o = g + i. Calculate the remainder when 66 is divided by o.
15
Suppose -3*j = -32 - 85. Let h = -20 - -30. Suppose t - 148 = -r, -h*r - 2*t + 143 = -9*r. What is the remainder when r is divided by j?
36
Let o(d) = 8 + 34 + 3*d + 20*d - d**2 - 12*d. What is the remainder when o(11) is divided by 5?
2
Let v(w) = -w**2 + 28. What is the remainder when v(0) is divided by (-160)/(-12)*336/280?
12
Let o be (212 - 31) + (0 - 0 - -5). Suppose -4*g = -k - 226 - 41, 3*g + 4*k = o. Calculate the remainder when 261 is divided by g.
63
Let l = 48713 + -46647. What is the remainder when l is divided by 168?
50
Let y(l) = l**2 + 77*l + 591. Calculate the remainder when 2220 is divided by y(-7).
99
Let m = -73 - -134. Let j = 11 - -33. Suppose j = 4*z - 2*o, -3*z - 5*o = 1 - 8. What is the remainder when m is divided by z?
7
Let f(p) = 2*p**3 - 9*p**2 - 10*p - 69. Suppose -204 = -3*s - s. Calculate the remainder when f(7) is divided by s.
4
Suppose -2*j - 5*u = -16, -5*u = -5*j + 8 + 32. Suppose 0 = -9*w - 1116 + 2619. Calculate the remainder when w is divided by j.
7
Suppose 0 = -4*f + 85 - 17. Suppose -3*j + 758 + 106 = 0. Suppose 5*h + 4*h = j. Calculate the remainder when h is divided by f.
15
Suppose v - 20 = -2*o, -2*o + 28 = -v + 6*v. Let t = -118 + 240. Let c = 211 - t. Calculate the remainder when c is divided by o.
8
Suppose -8*m + 9*m + 5*p = 692, 0 = -3*m - 3*p + 2136. Calculate the remainder when m is divided by 91.
80
Suppose -i = -5*i + 136. Let r = -269 - -263. Calculate the remainder when (-392)/r + 12/18 is divided by i.
32
Suppose -17*c = -7951 - 1688. Let i = c - 410. What is the remainder when i is divided by 16?
13
What is the remainder when (-504165)/(-114) + (-1)/2 + -5 is divided by 65?
62
Calculate the remainder when 462 is divided by 284/(-12)*1*(-3)/2*2.
36
Suppose 0 = 3*z - 2*t - 134, -150*z + 147*z = 7*t - 125. What is the remainder when 897 is divided by z?
17
Suppose 5*l + 4*y - 28 = 0, -5*l + 3*y - 8*y = -25. Let g be (-12 - (l - 3))*-1. Let n = 0 + g. What is the remainder when n is divided by 12?
5
Calculate the remainder when 17 is divided by 394/28 - (-318)/(-4452).
3
Let l = 132 - 37. Let y = 8378 + -8344. What is the remainder when l is divided by y?
27
Suppose u + l = 29, 0*u + u + 2*l = 30. Let f be 4/((48/u)/6). Suppose -f*s + 930 = -918. What is the remainder when s is divided by 17?
13
Let q(y) = -8*y - 89. Let d be (-70)/(-28)*-2*22/5. What is the remainder when q(d) is divided by 9?
6
Suppose -4*f - 35 = -5*w, -7 = -3*w - 3*f + 14. Suppose -w*h = 4*h - 2618. Calculate the remainder when h is divided by 62.
52
Let u(o) = -7*o - 1. Let l = -29191 + 29220. What is the remainder when l is divided by u(-2)?
3
Let p be (-2 + -2)*-1*198/12. Suppose 9*c + 2*c - 77 = 0. Calculate the remainder when 4/22 - (-2100)/p is divided by c.
4
Suppose -4*d = c + 3*c - 1816, -5*d + 5 = 0. Let o = -424 + c. Calculate the remainder when o is di